2, 3, 19
Let u(z) = -z**2 - 8*z - 4. Let t be u(-8). Let g be 13/((-39)/252) + t. What are the prime factors of g/6*(-48)/16?
2, 11
Suppose 0 = -10*b + 5*b + 40. Suppose -4*g = -b, -v + 38 = 2*v + g. What are the prime factors of v?
2, 3
Let r = 32 + -32. Suppose 0*u - u - 5*f - 14 = 0, r = 5*f - 10. List the prime factors of (u/14)/(4/(-154)).
2, 3, 11
Suppose 5*o + 3*c - 1240 = 0, o - 5*c - 1240 = -4*o. List the prime factors of o.
2, 31
What are the prime factors of (-1981)/(-5) - -8*(-11)/(-110)?
397
What are the prime factors of -22*(5/(-20)*86 - 2)?
11, 47
Let g(k) = 21*k + 67. Let t be 24*(6/(-4) - -2). List the prime factors of g(t).
11, 29
Let h(c) = -c**2 - 11*c - 2. Let p(k) be the second derivative of k**5/4 - k**4/6 - k**3/3 - k**2/2 + k. Let o be p(-1). What are the prime factors of h(o)?
2, 7
Suppose -1770*u + 1774*u - 6396 = 0. What are the prime factors of u?
3, 13, 41
Suppose 18660 = 37*i - 17*i. List the prime factors of i.
3, 311
Let z = 607 - 301. Let p = z + -195. What are the prime factors of p?
3, 37
List the prime factors of 3/((-72)/(-32)*-6)*-927.
2, 103
Let b(z) = 21*z**2 - 8*z + 18. List the prime factors of b(-6).
2, 3, 137
Suppose 4*x + 12 = 0, -t + 0*t = -5*x - 65. Suppose -4 + 118 = 4*v + 5*i, -i + 132 = 5*v. Let y = t - v. List the prime factors of y.
2, 3
Let k = -1933 + 4826. List the prime factors of k.
11, 263
Suppose -4*g + 8*g - 312 = 0. Suppose 3*i - 2*b = 146, 5*i - g = b + 170. List the prime factors of i.
2, 5
Suppose h = 4*n + 846, -6*n + 4211 = 5*h - 7*n. What are the prime factors of h?
2, 421
Let u(h) = 126*h - 83. List the prime factors of u(5).
547
List the prime factors of 604*(78/117 + (-35)/(-6)).
2, 13, 151
Let y(j) = j**3 - 19*j**2 + 19*j + 2. Let c be y(18). Suppose p = c + 93. What are the prime factors of p?
113
Let b = 2 + -19. Let n be b/(-2) + 2/4. Suppose 7*i + 20 = n*i. What are the prime factors of i?
2, 5
Suppose -5*j + 20597 = 4*i, 627 = j - 2*i - 3484. What are the prime factors of j?
23, 179
Let p(x) = -x - 11. Let m be p(-14). Let q = -12 - m. List the prime factors of (-64)/(-6)*q/(-10).
2
List the prime factors of (-8 - 20/(-2))*(-2 - -36).
2, 17
List the prime factors of 94*1*(-18)/(-7 + -2).
2, 47
Let k be ((-6)/(-5))/(4/10). Let v be 2 + k*4/4. Let p = v + 6. What are the prime factors of p?
11
Suppose 0 + 1 = b. Suppose 4*n - 15 = b. Suppose n*y = 71 - 19. What are the prime factors of y?
13
Let w(y) = 64*y + 4. Let n be w(-4). What are the prime factors of (-2326)/(-18) + 7/(n/8)?
3, 43
Suppose -y = 2*k - 5, -2*k + 5*y + 7 = 32. Let q(o) = -11*o - 9. Let j be q(-1). Suppose k = j*d - x - 68, -x = x + 8. List the prime factors of d.
2
Let k = 38 - 43. Let v(y) = -32*y + 2. List the prime factors of v(k).
2, 3
Let o be 6/1 + 0 + 3. Let r be (-5 - -3)/(6/o). Let m(a) = 2*a**2 - 1. List the prime factors of m(r).
17
Suppose 130*p = 140*p - 31640. What are the prime factors of p?
2, 7, 113
Suppose 558 = 24*f - 6690. What are the prime factors of f?
2, 151
Let x(z) = z**3 + 12*z**2 + 14*z + 4. Let c be -3 + -2 + -2 - 3. List the prime factors of x(c).
2
Let r be (260/8)/((-3)/(-6)). Let v = 112 - r. What are the prime factors of v?
47
List the prime factors of (0 - 1) + 1032 + (-4)/(-1).
3, 5, 23
Suppose -30003 = -62*j + 58843. List the prime factors of j.
1433
Suppose 18*i + 42872 = 41*i. What are the prime factors of i?
2, 233
Let l(u) = -7*u**2 - u. Let h(n) = 29*n**2 + 3*n. Let p = -20 - -18. Let v(x) = p*h(x) - 9*l(x). List the prime factors of v(3).
2, 3
Let j = -6596 - -9318. What are the prime factors of j?
2, 1361
List the prime factors of (51/(-34))/((-3)/1124).
2, 281
Let r be (-236)/(-8) + 1/2. Let p = r + -13. List the prime factors of (-6 - -5)*(-2 - p).
19
Suppose -228*q + 223*q = -205. Suppose p = g - 7, -3*g + 9 = -0*g + 3*p. Suppose -2*v + 124 = 5*i, -i - g*v - q = -2*i. List the prime factors of i.
2, 13
List the prime factors of (8/20 - 6066/(-10)) + 5.
2, 3, 17
Let d be 74/10 + 2/(-5). Suppose 0 = d*a - 5*a + 70. Let i = -4 - a. List the prime factors of i.
31
Let t(a) = -7*a - 57. Let z = -51 - -31. List the prime factors of t(z).
83
Let s(m) = -m**2 + 7*m - 1. Let z be s(5). Suppose 4*l = 3 + z. List the prime factors of 14 + (l - 4)*-1.
3, 5
Suppose 3185 = 4*y + 1321. What are the prime factors of y?
2, 233
Suppose -3*w = -5*d + 38 + 258, 0 = 4*d + 2*w - 250. What are the prime factors of d?
61
Let i = 1035 - -179. What are the prime factors of i?
2, 607
Let w(y) = -y**3 + 9*y**2 + 6*y + 9. Let a be ((-28)/(-20) - 1) + 86/10. List the prime factors of w(a).
3, 7
Suppose 0 = 5*b - 2*b - 45. Suppose -2*g = -5*g + b. Suppose g*z = -3*d + 69, 2*d - 8*z + 3*z = 21. List the prime factors of d.
2, 3
Let g = 48 + -46. Suppose 2*r - g - 2 = 0, -r - 180 = -2*k. What are the prime factors of k?
7, 13
Suppose -4*o + 3224 = 4*k, -1606 = -2*k + 4*o - 3*o. What are the prime factors of k?
2, 3, 67
Suppose -2*l - 3*h + 8 = 0, 8 = 2*l + 5*h - 8. Let n = 69 - l. What are the prime factors of n?
71
Let f(y) be the first derivative of -4 + 1/3*y**3 - 9/2*y**4 + 0*y + 0*y**2. List the prime factors of f(-1).
19
Let y(s) = -13*s + 4. Let n(a) = a**3 - 4*a**2 - a - 5. Let m be n(4). Let l be y(m). Let t = l + -83. List the prime factors of t.
2, 19
Suppose 5*w - 2036 = 4*k, -5*k + 7*k - 2 = 0. What are the prime factors of w?
2, 3, 17
Let l = 51 - 42. Suppose 204 = -7*a + l*a. List the prime factors of a.
2, 3, 17
Let d(z) = 9*z**2 + 13*z - 17. List the prime factors of d(7).
5, 103
Let c be 10/35 + 52/14. Suppose 0*i + 3 = i + c*r, -4*i + 12 = 3*r. What are the prime factors of i?
3
Suppose -11*t = 1163 - 4254. List the prime factors of t.
281
Suppose -m = -72 - 88. Suppose 0 = 2*q - 2*h - m, 3*q - 228 = -h + 4. List the prime factors of q.
2, 3, 13
Suppose 3*d + d + 350 = -5*p, 152 = -2*p - 4*d. Let n = -29 - p. What are the prime factors of n?
37
Let x(f) = -188*f + 5. Let m be x(-4). Suppose 5*a = m - 57. Suppose -7*o + a = -2*o. List the prime factors of o.
2, 7
Let d = -9 - -18. Let y = d - 6. Suppose 7*t - 243 = -5*l + 3*t, 0 = -5*l - y*t + 241. What are the prime factors of l?
47
Let u = 310 + -19. List the prime factors of u.
3, 97
Suppose 2*g - 3*g = -2196. What are the prime factors of 3/(-15) - g/(-30)?
73
Let o = -8 - -11. Let b be (38 - -1) + o + -2. Suppose -i - b = -5*i. List the prime factors of i.
2, 5
Let v be 4 + (4/(6 - 4) - 3). Let m be 2 - (-1*2 + 0). Suppose -v*w + 21 = 5*r, 28 = m*w - 0*w + 4*r. What are the prime factors of w?
7
Let g = -7 - 41. Let j = g - -50. What are the prime factors of j?
2
Suppose w + 3*h + 10 = 0, 5*w - 22 = 3*h - 0. Suppose -3*i + 6 + 0 = 4*s, w*s - 4 = -i. What are the prime factors of s?
3
Let s = -44 + 92. Let t = 10 - 7. Suppose -t*v + s = 18. What are the prime factors of v?
2, 5
Let h = -56 - -75. Let c = h + 67. List the prime factors of c.
2, 43
Let x = 281 - 274. What are the prime factors of x?
7
Let s be (-3)/(1 - (-22)/(-14))*-4. Let u(f) = f**3 + 21*f**2 - 8*f - 27. List the prime factors of u(s).
3, 47
Let k be (-9 - 0)/(6/(-10)). Suppose -3*y - 10*j + 439 = -k*j, -y + j + 147 = 0. List the prime factors of y.
2, 37
Let q be 4/(-14) + (-3540)/(-140). Let a = q - -50. List the prime factors of a.
3, 5
Let p(d) = -65*d - 11. What are the prime factors of p(-8)?
509
Suppose 0 = -23*v + 16539 + 3172. What are the prime factors of v?
857
Suppose -q + 525 + 50 = 0. What are the prime factors of q?
5, 23
Let v(z) = z**3 - 22*z**2 + 19*z + 47. List the prime factors of v(21).
5
Let b(w) = 2*w - 5. Let i be b(4). Suppose 90 = i*q - 8*q. What are the prime factors of q/(-5) + (-2)/(-5)?
2
Let m be (-1 - 118/2) + 5 + -2. Let r = m - -141. List the prime factors of r.
2, 3, 7
What are the prime factors of (-2 + 0/(-3))*(-435)/6?
5, 29
Suppose 3*j - 495 = 4*o, 0 = -5*j + 3*o + 544 + 292. What are the prime factors of j?
13
Suppose 0 = 13*x + 7*x - 4780. List the prime factors of x.
239
Let p = 37 + -25. Let m be (p/(-10))/((-9)/(-60)). Let l(h) = h**3 + 8*h**2 - 5*h + 19. What are the prime factors of l(m)?
59
Let g be (-12)/(-10)*(-60)/(-18). What are the prime factors of 3 + 1*g*35?
11, 13
Suppose -90*f + 8022 = -83*f. List the prime factors of f.
2, 3, 191
Let p = 17 - 13. Let j = p + -5. Let s = 15 - j. List the